{"id":24,"date":"2024-12-02T01:16:52","date_gmt":"2024-12-02T01:16:52","guid":{"rendered":"http:\/\/sherpatourscr.com\/?page_id=24"},"modified":"2025-03-06T22:56:01","modified_gmt":"2025-03-06T22:56:01","slug":"quienes-somos","status":"publish","type":"page","link":"https:\/\/sherpatourscr.com\/?page_id=24","title":{"rendered":"\u00bfQui\u00e9nes somos?"},"content":{"rendered":"\t\t<div data-elementor-type=\"wp-page\" data-elementor-id=\"24\" class=\"elementor elementor-24\">\n\t\t\t\t<div class=\"elementor-element elementor-element-ea1d261 e-flex e-con-boxed e-con e-parent\" data-id=\"ea1d261\" data-element_type=\"container\" data-e-type=\"container\">\n\t\t\t\t\t<div class=\"e-con-inner\">\n\t\t\t\t<div class=\"elementor-element elementor-element-9f8928d elementor-widget elementor-widget-heading\" data-id=\"9f8928d\" data-element_type=\"widget\" data-e-type=\"widget\" data-widget_type=\"heading.default\">\n\t\t\t\t<div class=\"elementor-widget-container\">\n\t\t\t\t\t<h2 class=\"elementor-heading-title elementor-size-default\">\u00bfQui\u00e9nes somos?<\/h2>\t\t\t\t<\/div>\n\t\t\t\t<\/div>\n\t\t\t\t\t<\/div>\n\t\t\t\t<\/div>\n\t\t<div class=\"elementor-element elementor-element-8122a98 e-flex e-con-boxed e-con e-parent\" data-id=\"8122a98\" data-element_type=\"container\" data-e-type=\"container\">\n\t\t\t\t\t<div class=\"e-con-inner\">\n\t\t\t\t<div class=\"elementor-element elementor-element-41b6b4b elementor-widget elementor-widget-spacer\" data-id=\"41b6b4b\" data-element_type=\"widget\" data-e-type=\"widget\" data-widget_type=\"spacer.default\">\n\t\t\t\t<div class=\"elementor-widget-container\">\n\t\t\t\t\t\t\t<div class=\"elementor-spacer\">\n\t\t\t<div class=\"elementor-spacer-inner\"><\/div>\n\t\t<\/div>\n\t\t\t\t\t\t<\/div>\n\t\t\t\t<\/div>\n\t\t\t\t\t<\/div>\n\t\t\t\t<\/div>\n\t\t<div class=\"elementor-element elementor-element-ff845c5 e-flex e-con-boxed e-con e-parent\" data-id=\"ff845c5\" data-element_type=\"container\" data-e-type=\"container\">\n\t\t\t\t\t<div class=\"e-con-inner\">\n\t\t\t\t<div class=\"elementor-element elementor-element-25bb78d elementor-widget elementor-widget-heading\" data-id=\"25bb78d\" data-element_type=\"widget\" data-e-type=\"widget\" data-widget_type=\"heading.default\">\n\t\t\t\t<div class=\"elementor-widget-container\">\n\t\t\t\t\t<h2 class=\"elementor-heading-title elementor-size-default\">\u00bfQu\u00e9 es Sherpa Tours?<\/h2>\t\t\t\t<\/div>\n\t\t\t\t<\/div>\n\t\t\t\t\t<\/div>\n\t\t\t\t<\/div>\n\t\t<div class=\"elementor-element elementor-element-3af921f e-flex e-con-boxed e-con e-parent\" data-id=\"3af921f\" data-element_type=\"container\" data-e-type=\"container\">\n\t\t\t\t\t<div class=\"e-con-inner\">\n\t\t\t\t<div class=\"elementor-element elementor-element-dd219ec elementor-widget elementor-widget-text-editor\" data-id=\"dd219ec\" data-element_type=\"widget\" data-e-type=\"widget\" data-widget_type=\"text-editor.default\">\n\t\t\t\t<div class=\"elementor-widget-container\">\n\t\t\t\t\t\t\t\t\t<p><span style=\"font-weight: 400;\">Somos una agencia de viajes fundada en el a\u00f1o 2011 en el cant\u00f3n de Alajuela, Costa Rica. Nuestra especialidad es el turismo emisor, es decir, cotizar viajes para clientes nacionales que deseen visitar otros pa\u00edses, aunque tambi\u00e9n gozamos de vasta experiencia en el turismo nacional, ofreciendo los mejores paquetes de viajes por Costa Rica a turistas nacionales y extranjeros. <\/span><\/p><p><span style=\"font-weight: 400;\">Desde nuestos inicios, nuestro lema ha sido <\/span><i><span style=\"font-weight: 400;\">Turismo a su medida<\/span><\/i><span style=\"font-weight: 400;\">, ya que nuestra misi\u00f3n es facilitarle al cliente la planificaci\u00f3n de viajes adecuada a sus intereses y preferencias; incluyendo el transporte, alojamiento, traslados, alimentaci\u00f3n, renta de veh\u00edculos, entre otros servicios<\/span><i><span style=\"font-weight: 400;\">.<\/span><\/i><span style=\"font-weight: 400;\"> Esto tomando en cuenta las necesidades del cliente de acuerdo a su tipo de viaje, cubriendo as\u00ed viajes de negocios, familiares, individuales, rom\u00e1nticos, y mucho m\u00e1s.<\/span><\/p><p>Si te interesa viajar a cualquier lugar del mundo y deseas recibir el mejor asesoramiento antes, durante y despu\u00e9s del viaje; Sherpa Tours es tu lugar indicado.<\/p>\t\t\t\t\t\t\t\t<\/div>\n\t\t\t\t<\/div>\n\t\t\t\t\t<\/div>\n\t\t\t\t<\/div>\n\t\t<div class=\"elementor-element elementor-element-ce66f48 e-flex e-con-boxed e-con e-parent\" data-id=\"ce66f48\" data-element_type=\"container\" data-e-type=\"container\">\n\t\t\t\t\t<div class=\"e-con-inner\">\n\t\t\t\t<div class=\"elementor-element elementor-element-1c47505 elementor-widget elementor-widget-spacer\" data-id=\"1c47505\" data-element_type=\"widget\" data-e-type=\"widget\" data-widget_type=\"spacer.default\">\n\t\t\t\t<div class=\"elementor-widget-container\">\n\t\t\t\t\t\t\t<div class=\"elementor-spacer\">\n\t\t\t<div class=\"elementor-spacer-inner\"><\/div>\n\t\t<\/div>\n\t\t\t\t\t\t<\/div>\n\t\t\t\t<\/div>\n\t\t\t\t<div class=\"elementor-element elementor-element-5badec0 elementor-align-center elementor-widget elementor-widget-button\" data-id=\"5badec0\" data-element_type=\"widget\" data-e-type=\"widget\" data-widget_type=\"button.default\">\n\t\t\t\t<div class=\"elementor-widget-container\">\n\t\t\t\t\t\t\t\t\t<div class=\"elementor-button-wrapper\">\n\t\t\t\t\t<a class=\"elementor-button elementor-button-link elementor-size-sm\" href=\"https:\/\/sherpatourscr.com\/?page_id=27\">\n\t\t\t\t\t\t<span class=\"elementor-button-content-wrapper\">\n\t\t\t\t\t\t\t\t\t<span class=\"elementor-button-text\">RESERVA YA<\/span>\n\t\t\t\t\t<\/span>\n\t\t\t\t\t<\/a>\n\t\t\t\t<\/div>\n\t\t\t\t\t\t\t\t<\/div>\n\t\t\t\t<\/div>\n\t\t\t\t\t<\/div>\n\t\t\t\t<\/div>\n\t\t\t\t<\/div>\n\t\t","protected":false},"excerpt":{"rendered":"<p>\u00bfQui\u00e9nes somos? \u00bfQu\u00e9 es Sherpa Tours? Somos una agencia de viajes fundada en el a\u00f1o 2011 en el cant\u00f3n de Alajuela, Costa Rica. Nuestra especialidad es el turismo emisor, es decir, cotizar viajes para clientes nacionales que deseen visitar otros pa\u00edses, aunque tambi\u00e9n gozamos de vasta experiencia en el turismo nacional, ofreciendo los mejores paquetes&#8230;<\/p>\n","protected":false},"author":1,"featured_media":0,"parent":0,"menu_order":0,"comment_status":"closed","ping_status":"closed","template":"","meta":{"_kad_post_transparent":"","_kad_post_title":"hide","_kad_post_layout":"fullwidth","_kad_post_sidebar_id":"","_kad_post_content_style":"unboxed","_kad_post_vertical_padding":"hide","_kad_post_feature":"hide","_kad_post_feature_position":"","_kad_post_header":false,"_kad_post_footer":false,"_kad_post_classname":"","footnotes":""},"class_list":["post-24","page","type-page","status-publish","hentry"],"yoast_head":"<!-- This site is optimized with the Yoast SEO plugin v27.4 - https:\/\/yoast.com\/product\/yoast-seo-wordpress\/ -->\n<title>\u00bfQui\u00e9nes somos? - sherpatours.com<\/title>\n<meta name=\"robots\" content=\"index, follow, max-snippet:-1, max-image-preview:large, max-video-preview:-1\" \/>\n<link rel=\"canonical\" href=\"https:\/\/sherpatourscr.com\/?page_id=24\" \/>\n<meta property=\"og:locale\" content=\"es_ES\" \/>\n<meta property=\"og:type\" content=\"article\" \/>\n<meta property=\"og:title\" content=\"\u00bfQui\u00e9nes somos? - sherpatours.com\" \/>\n<meta property=\"og:description\" content=\"\u00bfQui\u00e9nes somos? \u00bfQu\u00e9 es Sherpa Tours? Somos una agencia de viajes fundada en el a\u00f1o 2011 en el cant\u00f3n de Alajuela, Costa Rica. Nuestra especialidad es el turismo emisor, es decir, cotizar viajes para clientes nacionales que deseen visitar otros pa\u00edses, aunque tambi\u00e9n gozamos de vasta experiencia en el turismo nacional, ofreciendo los mejores paquetes...\" \/>\n<meta property=\"og:url\" content=\"https:\/\/sherpatourscr.com\/?page_id=24\" \/>\n<meta property=\"og:site_name\" content=\"sherpatours.com\" \/>\n<meta property=\"article:modified_time\" content=\"2025-03-06T22:56:01+00:00\" \/>\n<meta name=\"twitter:card\" content=\"summary_large_image\" \/>\n<meta name=\"twitter:label1\" content=\"Est. reading time\" \/>\n\t<meta name=\"twitter:data1\" content=\"1 minuto\" \/>\n<script type=\"application\/ld+json\" class=\"yoast-schema-graph\">{\"@context\":\"https:\\\/\\\/schema.org\",\"@graph\":[{\"@type\":\"WebPage\",\"@id\":\"https:\\\/\\\/sherpatourscr.com\\\/?page_id=24\",\"url\":\"https:\\\/\\\/sherpatourscr.com\\\/?page_id=24\",\"name\":\"\u00bfQui\u00e9nes somos? - sherpatours.com\",\"isPartOf\":{\"@id\":\"https:\\\/\\\/sherpatourscr.com\\\/#website\"},\"datePublished\":\"2024-12-02T01:16:52+00:00\",\"dateModified\":\"2025-03-06T22:56:01+00:00\",\"breadcrumb\":{\"@id\":\"https:\\\/\\\/sherpatourscr.com\\\/?page_id=24#breadcrumb\"},\"inLanguage\":\"es-CR\",\"potentialAction\":[{\"@type\":\"ReadAction\",\"target\":[\"https:\\\/\\\/sherpatourscr.com\\\/?page_id=24\"]}]},{\"@type\":\"BreadcrumbList\",\"@id\":\"https:\\\/\\\/sherpatourscr.com\\\/?page_id=24#breadcrumb\",\"itemListElement\":[{\"@type\":\"ListItem\",\"position\":1,\"name\":\"Portada\",\"item\":\"https:\\\/\\\/sherpatourscr.com\\\/\"},{\"@type\":\"ListItem\",\"position\":2,\"name\":\"\u00bfQui\u00e9nes somos?\"}]},{\"@type\":\"WebSite\",\"@id\":\"https:\\\/\\\/sherpatourscr.com\\\/#website\",\"url\":\"https:\\\/\\\/sherpatourscr.com\\\/\",\"name\":\"sherpatours.com\",\"description\":\"\",\"publisher\":{\"@id\":\"https:\\\/\\\/sherpatourscr.com\\\/#organization\"},\"potentialAction\":[{\"@type\":\"SearchAction\",\"target\":{\"@type\":\"EntryPoint\",\"urlTemplate\":\"https:\\\/\\\/sherpatourscr.com\\\/?s={search_term_string}\"},\"query-input\":{\"@type\":\"PropertyValueSpecification\",\"valueRequired\":true,\"valueName\":\"search_term_string\"}}],\"inLanguage\":\"es-CR\"},{\"@type\":\"Organization\",\"@id\":\"https:\\\/\\\/sherpatourscr.com\\\/#organization\",\"name\":\"sherpatours.com\",\"url\":\"https:\\\/\\\/sherpatourscr.com\\\/\",\"logo\":{\"@type\":\"ImageObject\",\"inLanguage\":\"es-CR\",\"@id\":\"https:\\\/\\\/sherpatourscr.com\\\/#\\\/schema\\\/logo\\\/image\\\/\",\"url\":\"https:\\\/\\\/sherpatourscr.com\\\/wp-content\\\/uploads\\\/2025\\\/02\\\/cropped-cropped-Logo-sherpa-1.png\",\"contentUrl\":\"https:\\\/\\\/sherpatourscr.com\\\/wp-content\\\/uploads\\\/2025\\\/02\\\/cropped-cropped-Logo-sherpa-1.png\",\"width\":512,\"height\":390,\"caption\":\"sherpatours.com\"},\"image\":{\"@id\":\"https:\\\/\\\/sherpatourscr.com\\\/#\\\/schema\\\/logo\\\/image\\\/\"}}]}<\/script>\n<!-- \/ Yoast SEO plugin. -->","yoast_head_json":{"title":"\u00bfQui\u00e9nes somos? - sherpatours.com","robots":{"index":"index","follow":"follow","max-snippet":"max-snippet:-1","max-image-preview":"max-image-preview:large","max-video-preview":"max-video-preview:-1"},"canonical":"https:\/\/sherpatourscr.com\/?page_id=24","og_locale":"es_ES","og_type":"article","og_title":"\u00bfQui\u00e9nes somos? - sherpatours.com","og_description":"\u00bfQui\u00e9nes somos? \u00bfQu\u00e9 es Sherpa Tours? Somos una agencia de viajes fundada en el a\u00f1o 2011 en el cant\u00f3n de Alajuela, Costa Rica. Nuestra especialidad es el turismo emisor, es decir, cotizar viajes para clientes nacionales que deseen visitar otros pa\u00edses, aunque tambi\u00e9n gozamos de vasta experiencia en el turismo nacional, ofreciendo los mejores paquetes...","og_url":"https:\/\/sherpatourscr.com\/?page_id=24","og_site_name":"sherpatours.com","article_modified_time":"2025-03-06T22:56:01+00:00","twitter_card":"summary_large_image","twitter_misc":{"Est. reading time":"1 minuto"},"schema":{"@context":"https:\/\/schema.org","@graph":[{"@type":"WebPage","@id":"https:\/\/sherpatourscr.com\/?page_id=24","url":"https:\/\/sherpatourscr.com\/?page_id=24","name":"\u00bfQui\u00e9nes somos? - sherpatours.com","isPartOf":{"@id":"https:\/\/sherpatourscr.com\/#website"},"datePublished":"2024-12-02T01:16:52+00:00","dateModified":"2025-03-06T22:56:01+00:00","breadcrumb":{"@id":"https:\/\/sherpatourscr.com\/?page_id=24#breadcrumb"},"inLanguage":"es-CR","potentialAction":[{"@type":"ReadAction","target":["https:\/\/sherpatourscr.com\/?page_id=24"]}]},{"@type":"BreadcrumbList","@id":"https:\/\/sherpatourscr.com\/?page_id=24#breadcrumb","itemListElement":[{"@type":"ListItem","position":1,"name":"Portada","item":"https:\/\/sherpatourscr.com\/"},{"@type":"ListItem","position":2,"name":"\u00bfQui\u00e9nes somos?"}]},{"@type":"WebSite","@id":"https:\/\/sherpatourscr.com\/#website","url":"https:\/\/sherpatourscr.com\/","name":"sherpatours.com","description":"","publisher":{"@id":"https:\/\/sherpatourscr.com\/#organization"},"potentialAction":[{"@type":"SearchAction","target":{"@type":"EntryPoint","urlTemplate":"https:\/\/sherpatourscr.com\/?s={search_term_string}"},"query-input":{"@type":"PropertyValueSpecification","valueRequired":true,"valueName":"search_term_string"}}],"inLanguage":"es-CR"},{"@type":"Organization","@id":"https:\/\/sherpatourscr.com\/#organization","name":"sherpatours.com","url":"https:\/\/sherpatourscr.com\/","logo":{"@type":"ImageObject","inLanguage":"es-CR","@id":"https:\/\/sherpatourscr.com\/#\/schema\/logo\/image\/","url":"https:\/\/sherpatourscr.com\/wp-content\/uploads\/2025\/02\/cropped-cropped-Logo-sherpa-1.png","contentUrl":"https:\/\/sherpatourscr.com\/wp-content\/uploads\/2025\/02\/cropped-cropped-Logo-sherpa-1.png","width":512,"height":390,"caption":"sherpatours.com"},"image":{"@id":"https:\/\/sherpatourscr.com\/#\/schema\/logo\/image\/"}}]}},"_links":{"self":[{"href":"https:\/\/sherpatourscr.com\/index.php?rest_route=\/wp\/v2\/pages\/24","targetHints":{"allow":["GET"]}}],"collection":[{"href":"https:\/\/sherpatourscr.com\/index.php?rest_route=\/wp\/v2\/pages"}],"about":[{"href":"https:\/\/sherpatourscr.com\/index.php?rest_route=\/wp\/v2\/types\/page"}],"author":[{"embeddable":true,"href":"https:\/\/sherpatourscr.com\/index.php?rest_route=\/wp\/v2\/users\/1"}],"replies":[{"embeddable":true,"href":"https:\/\/sherpatourscr.com\/index.php?rest_route=%2Fwp%2Fv2%2Fcomments&post=24"}],"version-history":[{"count":6,"href":"https:\/\/sherpatourscr.com\/index.php?rest_route=\/wp\/v2\/pages\/24\/revisions"}],"predecessor-version":[{"id":177,"href":"https:\/\/sherpatourscr.com\/index.php?rest_route=\/wp\/v2\/pages\/24\/revisions\/177"}],"wp:attachment":[{"href":"https:\/\/sherpatourscr.com\/index.php?rest_route=%2Fwp%2Fv2%2Fmedia&parent=24"}],"curies":[{"name":"wp","href":"https:\/\/api.w.org\/{rel}","templated":true}]}}